705
-2801882 (base 9) to base 15
-2054d5
-10010010000101101010 (base 2) to base 6
-20454134
What is 1261ab (base 12) in base 10?
300947
2060155 (base 8) to base 16
8606d
Convert 1361928 (base 10) to base 6.
45105120
Convert -1204201303 (base 6) to base 12.
-4699233
-11101010111010010011100 (base 2) to base 12
-26b2738
Convert -122140453 (base 6) to base 13.
-641a39
What is 50106655 (base 7) in base 11?
2376141
What is -6837a (base 13) in base 14?
-4d114
What is -1010220202100 (base 3) in base 5?
-123433120
What is 251501 (base 6) in base 13?
a294
Convert 374b91 (base 15) to base 6.
132434031
Convert 5bd69c (base 15) to base 3.
22021111110110
Convert 2f0bc (base 16) to base 13.
69931
Convert -60ca5 (base 14) to base 8.
-707041
What is 123100131 (base 4) in base 2?
11011010000011101
-13513656 (base 7) to base 14
-24ca66
-321021111 (base 4) to base 15
-49549
Convert 358970 (base 13) to base 5.
311311442
What is 20565144 (base 7) in base 9?
3252780
-2112221002 (base 3) to base 2
-1100010001001001
Convert ac9a9 (base 16) to base 8.
2544651
Convert 8786a (base 12) to base 5.
21213333
88c179 (base 13) to base 3
20001212111200
What is 113131231 (base 4) in base 10?
96109
Convert -49d74 (base 14) to base 6.
-3514002
Convert -83298 (base 10) to base 15.
-19a33
254230 (base 6) to base 2
101100111001010
4d2a5 (base 16) to base 10
316069
What is 698ba (base 16) in base 3?
210222000122
4206136 (base 7) to base 14
d2756
-83850 (base 10) to base 13
-2c220
-2731d (base 14) to base 9
-156524
da54b (base 15) to base 13
1b3602
1847246 (base 11) to base 12
106a326
-10110202111012 (base 3) to base 15
-266c05
2164324 (base 8) to base 3
1002122221122
-110001101212001 (base 3) to base 11
-36850a5
What is 361514 (base 7) in base 2?
1111111110010010
-28c63 (base 13) to base 16
-12c07
-754534 (base 10) to base 16
-b8366
What is 128053 (base 10) in base 9?
214581
What is 211210321 (base 4) in base 7?
1210504
-10331000 (base 5) to base 11
-61274
1110110110011101000 (base 2) to base 15
992c2
What is 522410 (base 8) in base 13?
60b74
What is -1325444024 (base 6) in base 9?
-33004877
What is 2b0a (base 13) in base 16?
1877
What is 70417 (base 11) in base 5?
11243424
44002004 (base 5) to base 8
1334726
What is -79515b (base 14) in base 9?
-7675677
Convert 83615b (base 13) to base 16.
2ed60e
Convert -306303 (base 8) to base 14.
-29031
What is 22198 (base 15) in base 16?
1a750
What is -2620485 (base 10) in base 15?
-36b690
What is -161604654 (base 7) in base 11?
-619306a
31465553 (base 7) to base 15
37ba25
-11000000011011111 (base 2) to base 7
-560152
Convert -30022132 (base 4) to base 3.
-2112100021
Convert 111112211221 (base 3) to base 15.
54054
Convert -2101031 (base 5) to base 10.
-34516
What is -8f04e (base 16) in base 9?
-1082515
What is -ed82d (base 15) in base 8?
-2701444
What is -28337 (base 16) in base 3?
-22100212122
1817c45 (base 14) to base 12
3b96059
Convert 231b2b (base 12) to base 15.
b1d2e
What is 210000200001 (base 3) in base 14?
aab54
-968767 (base 10) to base 11
-601938
Convert 16163166 (base 8) to base 14.
6d0d82
Convert -3013510 (base 10) to base 14.
-58630a
What is -10220010121 (base 3) in base 2?
-10010101101100010
Convert 765665 (base 9) to base 15.
9059e
-1333250 (base 6) to base 12
-37226
Convert -147103 (base 8) to base 13.
-1b05a
What is -2b2910 (base 12) in base 2?
-10110010010110011100
Convert 3808317 (base 9) to base 4.
13322003212
What is -535d4 (base 14) in base 11?
-128412
-371aa2 (base 14) to base 10
-1887230
Convert 10010110001000100111 (base 2) to base 16.
96227
What is -352201 (base 7) in base 2?
-1111011011101011
Convert -11110000100000010101101 (base 2) to base 16.
-7840ad
What is 3ab1c72 (base 13) in base 3?
1021211111110221
Convert -2133132023 (base 4) to base 16.
-9f78b
What is -202365 (base 9) in base 10?
-119858
Convert 1473773 (base 12) to base 11.
2372a9a
22122123231 (base 4) to base 7
32126223
What is -7126b6 (base 16) in base 7?
-120013320
Convert 2825666 (base 11) to base 14.
90a213
What is 7c2b1 (base 14) in base 16?
49d33
990495 (base 11) to base 13
434cb2
What is 2313656 (base 9) in base 3?
2100110201220
What is 1213340330 (base 5) in base 12?
b657a4
Convert -323251504 (base 6) to base 4.
-111332201200
What is -10510d (base 15) in base 5?
-144321423
103103211003 (base 4) to base 15
69e806
-12033120000 (base 4) to base 13
-45376b
What is -79056 (base 13) in base 11?
-140132
What is -24d22c6 (base 14) in base 2?
-1000011100101001001110110
What is -210211100 (base 3) in base 14?
-5b28
What is 20011202011102 (base 3) in base 9?
6152142
-74525 (base 9) to base 13
-19571
-713484 (base 11) to base 15
-179acc
Convert 9290 (base 16) to base 7.
214250
-40303 (base 5) to base 14
-d22
What is 312411 (base 8) in base 6?
2120013
Convert 25024262 (base 9) to base 14.
18a85cb
Convert -180420 (base 10) to base 8.
-540304
What is -1421304 (base 5) in base 16?
-738b
What is -2de17f (base 16) in base 2?
-1011011110000101111111
Convert 361050 (base 7) to base 2.
1111111010110101
1caab08 (base 14) to base 13
2ca1160
-48806 (base 11) to base 3
-10120021111
What is 100100110101011010110 (base 2) in base 4?
10212223112
Convert -201222012120 (base 3) to base 15.
-7b706
What is 22332312 (base 5) in base 6?
4133402
-233095 (base 11) to base 14
-98c54
Convert -56b87 (base 12) to base 4.
-130100113
1b774 (base 12) to base 3
2002000121
Convert 21201331102 (base 4) to base 11.
1457090
What is -665305 (base 11) in base 14?
-1d8a23
What is 121000221111122 (base 3) in base 12?
2a2b615
What is -928a0 (base 13) in base 7?
-2143355
What is a4451 (base 13) in base 5?
33421030
What is 19291 (base 14) in base 9?
106251
Convert 106340 (base 10) to base 13.
39530
4434141013 (base 5) to base 10
9677633
What is -2506554 (base 8) in base 6?
-22453404
What is 81555 (base 9) in base 5?
3204142
Convert -216222 (base 8) to base 12.
-361aa
25303516 (base 7) to base 14
43767d
Convert 1010101101100001011 (base 2) to base 3.
122211110112
What is 120a84 (base 12) in base 8?
1072004
What is -134999 (base 15) in base 5?
-214130134
Convert -c4d61 (base 15) to base 9.
-1150881
What is 22333000013 (base 4) in base 2?
1010111111000000000111
What is 11111101001011000 (base 2) in base 14?
3534c
1a70136 (base 12) to base 9
11514626
-2000112202000 (base 3) to base 12
-439390
Convert 135022211 (base 6) to base 5.
1201141212
68836 (base 13) to base 15
3b5e4
Convert -33d12 (base 14) to base 9.
-211808
What is -12b1aa (base 14) in base 13?
-197889
Convert 1314563 (base 7) to base 15.
36008
-476884 (base 9) to base 5
-33142341
What is -33420242 (base 7) in base 5?
-1220130414
-142b23 (base 13) to base 14
-cb33d
-1121022021010 (base 3) to base 7
-10150053
-35223013 (base 6) to base 13
-2c2cb6
Convert 11232330302 (base 4) to base 9.
2740678
What is -1101230010 (base 4) in base 14?
-89d1a
Convert -32124323 (base 5) to base 7.
-2204613
Convert -12133316 (base 7) to base 6.
-35122412
Convert -402132540 (base 6) to base 4.
-122002002030
Convert -22042114 (base 5) to base 8.
-563514
Convert -475300 (base 9) to base 4.
-1011310323
What is 13105407 (base 8) in base 2?
1011001000101100000111
What is -3320041440 (base 5) in base 8?
-33333345
What is -10b4 (base 14) in base 5?
-43102
What is -131350652 (base 7) in base 8?
-40065134
-213437 (base 8) to base 9
-118014
-46b720 (base 12) to base 8
-4262110
Convert 1b102c6 (base 14) to base 7.
222421436
1443120331 (base 5) to base 8
16631052
Convert -358364 (base 10) to base 8.
-1273734
Convert -14021211 (base 6) to base 16.
-729c7
What is -13113223023 (base 4) in base 12?
-792063
Convert 102430031 (base 5) to base 8.
1524052
Convert 79305 (base 12) to base 15.
32b2b
Convert -301324305 (base 6) to base 15.
-6aebbb
-100400103 (base 5) to base 12
-175381
-111010000101001001110 (base 2) to base 4
-13100221032
Convert -a6600 (base 11) to base 10.
-155122
Convert -2463 (base 9) to base 12.
-1093
Convert -6540461 (base 7) to base 15.
-10be82
What is 2033ee (base 16) in base 3?
10222012222200
-158868 (base 13) to base 5
-114024422
Convert cc463d (base 14) to base 5.
3233131322
-525035 (base 6) to base 13
-164c0
What is -258b55 (base 12) in base 11?
-391473
What is -6614603 (base 8) in base 15?
-251353
What is 95010 (base 10) in base 16?
17322
What is -153781 (bas